ppose -5*c - k = -2*k - 90, -5*c - 3*k + 110 = 0. What is the highest common divisor of 38 and c?
19
Let p be 3 + -3 - (-6 + -5). Suppose -s - 3*v + 15 = 0, -4*s - v = -6 - 21. Suppose b = s*b - 55. What is the highest common factor of b and p?
11
Suppose 2*i = 6, 0*s + 3*i = 5*s - 96. Let n(m) = -m**2 + 5*m - 1. Let l be n(4). Calculate the highest common factor of l and s.
3
Let c be 436/22 + (-6)/(-33). Suppose 4*y + 4 + 20 = 0. Let t = 2 - y. Calculate the highest common factor of t and c.
4
Let c(o) = 2*o + 27. Let i be c(-11). What is the greatest common divisor of 5 and i?
5
Let l be (3 + -3)/(1 + 0). Suppose 0 = -l*z - 4*z + 144. Let v(k) = 4*k + 1. Let y be v(2). What is the highest common divisor of z and y?
9
Let n be (-7 - -8)/(-1 + 2). Calculate the greatest common factor of n and 9.
1
Let j = 3 + -3. Suppose -o + 4*s - 12 = j, -3*o - 3*s + 62 = 23. What is the highest common divisor of 1 and o?
1
Let u(d) = 5*d**2 - 3*d - 3. Let b be u(-3). Let t = b - -12. Calculate the greatest common factor of 7 and t.
7
Suppose 4*v + 11 = 5*c + 81, 4*v + 2*c - 84 = 0. Calculate the highest common factor of 20 and v.
20
Suppose 10*d = 3*d + 126. What is the greatest common factor of d and 6?
6
Let t be 68 + 2*1/(-2). Suppose p + 0*x = x + 25, -t = -3*p + x. What is the greatest common factor of p and 63?
21
Suppose 0*j = -4*j + 28. Calculate the highest common divisor of 56 and j.
7
Let a = 61 + 7. Let o = a - 32. Calculate the greatest common factor of o and 24.
12
Suppose 0 = 3*j + 1 - 4. Let k be ((-3)/2)/(j/(-6)). What is the greatest common factor of 1 and k?
1
Suppose 20 = -2*l + l + 5*r, -5 = 3*l - 4*r. Calculate the highest common divisor of l and 35.
5
Let d(m) = m**3 + 3*m**2 - 2*m. Let z(l) = l - 3. Let j be z(0). Let n be d(j). What is the highest common factor of n and 48?
6
Let z(x) = 20*x + 4. Let q(n) = n**3 - n**2 + 3. Let r = 0 - 0. Let l be q(r). Let b be z(l). What is the greatest common factor of 8 and b?
8
Let r(l) = 7*l**2 - 7. Let a be r(-3). What is the highest common divisor of a and 7?
7
Let k be 2 - ((-50)/13 - 48/312). Let l(o) = 4*o**2 + 3*o + 3. Let h be l(-3). Calculate the highest common factor of k and h.
6
Let q be ((-5)/2)/5*-6. Suppose -5*y + 3*j + 38 = 0, q*j + 14 = 4*y - 14. Calculate the greatest common divisor of 110 and y.
10
Let h be 672/26 - 2/(-13). Let x = h + -14. Calculate the highest common factor of 132 and x.
12
Let s be 2 - -4*4/(-8). Suppose s = 4*d - 88 - 48. What is the highest common divisor of 17 and d?
17
Let b(f) = 4*f - 1. Let x be b(1). Calculate the highest common divisor of 12 and x.
3
Let w(r) = r + 9. Let d be w(-7). Calculate the greatest common divisor of d and 2.
2
Let g be (-8)/10 + (984/30 - 2). Let t(l) = -l**3 + 6*l**2 - 3*l + 5. Let o be t(5). What is the greatest common divisor of g and o?
15
Let r = -47 + 134. Suppose 3*v - 12 = r. What is the greatest common divisor of 3 and v?
3
Let b = 71 - 47. Calculate the highest common divisor of b and 96.
24
Suppose -328 = 5*l - 1603. Suppose 0 = 5*g - l - 20. Calculate the highest common factor of 5 and g.
5
Suppose 0 = 5*x - 6*x + 84. What is the highest common divisor of 24 and x?
12
Suppose r - 3*r = 6, r - 137 = -5*l. Suppose 0 = b - 3*b + l. Suppose 5*q + 4*p - 8 = 3*q, 0 = 5*p - 5. Calculate the highest common divisor of q and b.
2
Suppose 250 = 3*f - 38. What is the greatest common factor of f and 12?
12
Let i(w) = w - 13. Let g(r) = -r + 13. Let v(n) = -7*g(n) - 6*i(n). Let b be v(7). Let y = b + 13. Calculate the greatest common factor of y and 49.
7
Suppose -2*h = -5*h + 2*n + 104, 0 = 4*h + n - 124. Suppose -4*z + 36 = -h. Calculate the greatest common factor of 136 and z.
17
Let t(i) = -i + 3. Let w be t(12). Let b = w + 18. Calculate the highest common divisor of b and 1.
1
Let v be -2*1 + 812/14. What is the greatest common factor of 84 and v?
28
Let x be -2 + 56 + 8/(-2). Calculate the highest common divisor of x and 10.
10
Let q be (-6 - -2)*9/(-4). What is the greatest common factor of q and 6?
3
Let o = 109 - 21. Let c be 2 + 10 + -2 - 2. Calculate the greatest common divisor of c and o.
8
Let n = 37 + -22. Let g = 2 - -8. What is the greatest common factor of n and g?
5
Suppose -4*w + 24 - 300 = 0. Let d = 12 - w. What is the greatest common factor of 9 and d?
9
Suppose -5*b - 3*x + 36 = 0, x + 12 + 27 = 4*b. What is the highest common factor of 171 and b?
9
Let p(i) = i**2 + 0*i**2 - 2*i**2 - 3 - 6*i. Let q be p(-4). Suppose z + 3*z - 160 = 0. Calculate the highest common factor of q and z.
5
Let b = -7 + 12. Suppose -2*g - 106 = -5*g + 2*i, -b*g + 179 = -i. Calculate the highest common divisor of 4 and g.
4
Let k be (32/8 - 10*-1) + 0. Let a = -128 - -240. Calculate the highest common factor of k and a.
14
Suppose 26 - 2 = 3*z. What is the greatest common factor of z and 2?
2
Suppose 5*w = -9 + 64. Let t = 23 - w. Let q(k) = 8*k**2 + 5*k + 3. Let v be q(-3). What is the greatest common divisor of t and v?
12
Let o(m) = m**2 - 3*m. Let z be o(-4). Let x = 118 + -38. Let b = x + -38. What is the highest common factor of b and z?
14
Let b be -3*2/(4/(-10)). What is the greatest common divisor of 375 and b?
15
Suppose 0 = -a + 3. Let g(l) = l**3 - 10*l**2 + 10*l - 6. Let o be g(9). What is the greatest common factor of a and o?
3
Let t = -1 - 3. Let m be 0 + (t/(-2) - 0). Let j(i) = i + 17. Let d be j(-7). What is the highest common divisor of m and d?
2
Let q be ((-405)/18)/(3/(-16)). What is the greatest common factor of q and 24?
24
Let c(v) = 27*v - 2. Suppose 4*j - 16 = 8. Let n be c(j). What is the greatest common divisor of n and 20?
20
Let y = -9 - -44. What is the greatest common factor of y and 70?
35
Let a be (-2 - -18)*(-2 + 0 + 8). What is the highest common factor of a and 24?
24
Suppose k + 2*g - 764 = -3*k, 370 = 2*k - 2*g. Suppose 4*q = q + k. Suppose 3*s - 39 + 12 = 0. What is the greatest common factor of q and s?
9
Let n = 7 - -2. Let y = n - 2. Let c be -1 + (1 + 0)*2. Calculate the highest common factor of c and y.
1
Suppose 3*v = -j + 17 + 9, 72 = 4*j - 4*v. Let u(b) = -b**3 - 12*b**2 - 18*b - 16. Let s be u(-12). What is the highest common factor of s and j?
20
Suppose r + 39 = 447. Let h = r + -219. Calculate the greatest common factor of h and 21.
21
Let d be (-1)/(498/250 - 2). Suppose -4*i = d - 377. Let u(p) = -p**3 + 5*p**2 - 5*p + 4. Let m be u(3). Calculate the greatest common factor of i and m.
7
Suppose -4*p + x = -x - 110, -3*p - 3*x = -69. Calculate the highest common divisor of 65 and p.
13
Suppose 4*u + 105 = 265. Calculate the greatest common factor of 2 and u.
2
Let s be -3*(2 + -3 + 0). Suppose 5*a - 5*n - 320 = 0, -2*a + s*n = -5*a + 204. What is the greatest common divisor of a and 44?
22
Let b be -6 - -3*(-6)/(-9). Let r be 62/5 - b/(-10). Calculate the highest common divisor of r and 4.
4
Let q be 114/10 + 4/(-10). Suppose 0 = 6*b - q*b + 80. Suppose -5*u + 14 = -b. What is the greatest common divisor of 4 and u?
2
Let k(w) = -7*w**3 + 2*w**2 + 2. Let a be k(-3). Suppose -5*b + a = -4*b. Calculate the greatest common factor of b and 19.
19
Let c = -72 + 92. What is the highest common factor of 180 and c?
20
Let w be (-405)/30*(-4)/(-6)*-2. What is the highest common divisor of 126 and w?
18
Let i(a) = 4*a**2 + 2*a - 6*a**2 + 10*a**3 - a**2 + 0*a**3. Let w be i(1). Calculate the greatest common divisor of 99 and w.
9
Suppose 4*z - 4 = 40. What is the greatest common factor of z and 44?
11
Suppose -4*o - 4*u + 18 + 2 = 0, -2*o + 4*u = 8. Calculate the highest common divisor of o and 14.
2
Suppose 2*g + 60 = 7*g. What is the greatest common divisor of 96 and g?
12
Let k = 66 + -50. What is the greatest common factor of 144 and k?
16
Let g be 1/((-46)/24 + 2). What is the greatest common divisor of g and 108?
12
Suppose 52 = 4*r - 44. What is the greatest common factor of 8 and r?
8
Suppose -18 = u + u. Let b = 582 - u. Suppose b - 44 = 4*v + y, -3*v = 2*y - 414. What is the greatest common divisor of v and 17?
17
Suppose -4*g + 2*w + 122 = 0, 0 = -2*g - 2*w + w + 51. Let x = g - 13. What is the highest common factor of x and 45?
15
Suppose 0 = -16*z + 75 + 5. What is the greatest common factor of 35 and z?
5
Let h(t) = -t**2 + 15 + t**3 + 7 - 6. Suppose 0*k = 3*k. 